{"id":181,"date":"2023-09-04T23:03:17","date_gmt":"2023-09-04T23:03:17","guid":{"rendered":"https:\/\/casafema.mx\/?page_id=181"},"modified":"2023-09-04T23:05:57","modified_gmt":"2023-09-04T23:05:57","slug":"aires-acondicionados-hvac","status":"publish","type":"page","link":"https:\/\/casafema.mx\/?page_id=181","title":{"rendered":"Aires acondicionados HVAC"},"content":{"rendered":"\n<div class=\"wp-block-media-text is-stacked-on-mobile\"><figure class=\"wp-block-media-text__media\"><img loading=\"lazy\" decoding=\"async\" width=\"394\" height=\"383\" src=\"https:\/\/casafema.mx\/wp-content\/uploads\/2023\/09\/11-2.jpg\" alt=\"\" class=\"wp-image-183 size-full\" srcset=\"https:\/\/casafema.mx\/wp-content\/uploads\/2023\/09\/11-2.jpg 394w, https:\/\/casafema.mx\/wp-content\/uploads\/2023\/09\/11-2-300x292.jpg 300w\" sizes=\"auto, (max-width: 394px) 100vw, 394px\" \/><\/figure><div class=\"wp-block-media-text__content\">\n<p><em>Calefacci\u00f3n, ventilaci\u00f3n y aire acondicionado<\/em>, por sus siglas en ingl\u00e9s HVAC, es un sistema que permite a los edificios y oficinas tener una temperatura adecuada, un mejor filtro de aire y un adecuado control de la humedad.<\/p>\n<\/div><\/div>\n","protected":false},"excerpt":{"rendered":"<p>Calefacci\u00f3n, ventilaci\u00f3n y aire acondicionado, por sus siglas en ingl\u00e9s HVAC, es un sistema que permite a los edificios y oficinas tener una temperatura adecuada, un mejor filtro de aire y un adecuado control de la humedad.<\/p>\n","protected":false},"author":1,"featured_media":0,"parent":0,"menu_order":0,"comment_status":"closed","ping_status":"closed","template":"","meta":{"footnotes":""},"class_list":["post-181","page","type-page","status-publish","hentry"],"yoast_head":"<!-- This site is optimized with the Yoast SEO plugin v27.5 - https:\/\/yoast.com\/product\/yoast-seo-wordpress\/ -->\n<title>Aires acondicionados HVAC - Casa Fema<\/title>\n<meta name=\"robots\" content=\"index, follow, max-snippet:-1, max-image-preview:large, max-video-preview:-1\" \/>\n<link rel=\"canonical\" href=\"https:\/\/casafema.mx\/?page_id=181\" \/>\n<meta property=\"og:locale\" content=\"es_ES\" \/>\n<meta property=\"og:type\" content=\"article\" \/>\n<meta property=\"og:title\" content=\"Aires acondicionados HVAC - Casa Fema\" \/>\n<meta property=\"og:description\" content=\"Calefacci\u00f3n, ventilaci\u00f3n y aire acondicionado, por sus siglas en ingl\u00e9s HVAC, es un sistema que permite a los edificios y oficinas tener una temperatura adecuada, un mejor filtro de aire y un adecuado control de la humedad.\" \/>\n<meta property=\"og:url\" content=\"https:\/\/casafema.mx\/?page_id=181\" \/>\n<meta property=\"og:site_name\" content=\"Casa Fema\" \/>\n<meta property=\"article:modified_time\" content=\"2023-09-04T23:05:57+00:00\" \/>\n<meta property=\"og:image\" content=\"https:\/\/casafema.mx\/wp-content\/uploads\/2023\/09\/11-2.jpg\" \/>\n<meta name=\"twitter:card\" content=\"summary_large_image\" \/>\n<meta name=\"twitter:label1\" content=\"Tiempo de lectura\" \/>\n\t<meta name=\"twitter:data1\" content=\"1 minuto\" \/>\n<script type=\"application\/ld+json\" class=\"yoast-schema-graph\">{\"@context\":\"https:\\\/\\\/schema.org\",\"@graph\":[{\"@type\":\"WebPage\",\"@id\":\"https:\\\/\\\/casafema.mx\\\/?page_id=181\",\"url\":\"https:\\\/\\\/casafema.mx\\\/?page_id=181\",\"name\":\"Aires acondicionados HVAC - Casa Fema\",\"isPartOf\":{\"@id\":\"https:\\\/\\\/casafema.mx\\\/#website\"},\"primaryImageOfPage\":{\"@id\":\"https:\\\/\\\/casafema.mx\\\/?page_id=181#primaryimage\"},\"image\":{\"@id\":\"https:\\\/\\\/casafema.mx\\\/?page_id=181#primaryimage\"},\"thumbnailUrl\":\"https:\\\/\\\/casafema.mx\\\/wp-content\\\/uploads\\\/2023\\\/09\\\/11-2.jpg\",\"datePublished\":\"2023-09-04T23:03:17+00:00\",\"dateModified\":\"2023-09-04T23:05:57+00:00\",\"breadcrumb\":{\"@id\":\"https:\\\/\\\/casafema.mx\\\/?page_id=181#breadcrumb\"},\"inLanguage\":\"es\",\"potentialAction\":[{\"@type\":\"ReadAction\",\"target\":[\"https:\\\/\\\/casafema.mx\\\/?page_id=181\"]}]},{\"@type\":\"ImageObject\",\"inLanguage\":\"es\",\"@id\":\"https:\\\/\\\/casafema.mx\\\/?page_id=181#primaryimage\",\"url\":\"https:\\\/\\\/casafema.mx\\\/wp-content\\\/uploads\\\/2023\\\/09\\\/11-2.jpg\",\"contentUrl\":\"https:\\\/\\\/casafema.mx\\\/wp-content\\\/uploads\\\/2023\\\/09\\\/11-2.jpg\",\"width\":394,\"height\":383},{\"@type\":\"BreadcrumbList\",\"@id\":\"https:\\\/\\\/casafema.mx\\\/?page_id=181#breadcrumb\",\"itemListElement\":[{\"@type\":\"ListItem\",\"position\":1,\"name\":\"Portada\",\"item\":\"https:\\\/\\\/casafema.mx\\\/\"},{\"@type\":\"ListItem\",\"position\":2,\"name\":\"Aires acondicionados HVAC\"}]},{\"@type\":\"WebSite\",\"@id\":\"https:\\\/\\\/casafema.mx\\\/#website\",\"url\":\"https:\\\/\\\/casafema.mx\\\/\",\"name\":\"Casa Fema\",\"description\":\"CASA FEMA tiene diferentes servicios y\\\/o productos para tus proyectos\",\"publisher\":{\"@id\":\"https:\\\/\\\/casafema.mx\\\/#organization\"},\"potentialAction\":[{\"@type\":\"SearchAction\",\"target\":{\"@type\":\"EntryPoint\",\"urlTemplate\":\"https:\\\/\\\/casafema.mx\\\/?s={search_term_string}\"},\"query-input\":{\"@type\":\"PropertyValueSpecification\",\"valueRequired\":true,\"valueName\":\"search_term_string\"}}],\"inLanguage\":\"es\"},{\"@type\":\"Organization\",\"@id\":\"https:\\\/\\\/casafema.mx\\\/#organization\",\"name\":\"Casa Fema\",\"url\":\"https:\\\/\\\/casafema.mx\\\/\",\"logo\":{\"@type\":\"ImageObject\",\"inLanguage\":\"es\",\"@id\":\"https:\\\/\\\/casafema.mx\\\/#\\\/schema\\\/logo\\\/image\\\/\",\"url\":\"https:\\\/\\\/casafema.mx\\\/wp-content\\\/uploads\\\/2023\\\/09\\\/cropped-LOGO-scaled-2.jpg\",\"contentUrl\":\"https:\\\/\\\/casafema.mx\\\/wp-content\\\/uploads\\\/2023\\\/09\\\/cropped-LOGO-scaled-2.jpg\",\"width\":2558,\"height\":744,\"caption\":\"Casa Fema\"},\"image\":{\"@id\":\"https:\\\/\\\/casafema.mx\\\/#\\\/schema\\\/logo\\\/image\\\/\"}}]}<\/script>\n<!-- \/ Yoast SEO plugin. -->","yoast_head_json":{"title":"Aires acondicionados HVAC - Casa Fema","robots":{"index":"index","follow":"follow","max-snippet":"max-snippet:-1","max-image-preview":"max-image-preview:large","max-video-preview":"max-video-preview:-1"},"canonical":"https:\/\/casafema.mx\/?page_id=181","og_locale":"es_ES","og_type":"article","og_title":"Aires acondicionados HVAC - Casa Fema","og_description":"Calefacci\u00f3n, ventilaci\u00f3n y aire acondicionado, por sus siglas en ingl\u00e9s HVAC, es un sistema que permite a los edificios y oficinas tener una temperatura adecuada, un mejor filtro de aire y un adecuado control de la humedad.","og_url":"https:\/\/casafema.mx\/?page_id=181","og_site_name":"Casa Fema","article_modified_time":"2023-09-04T23:05:57+00:00","og_image":[{"url":"https:\/\/casafema.mx\/wp-content\/uploads\/2023\/09\/11-2.jpg","type":"","width":"","height":""}],"twitter_card":"summary_large_image","twitter_misc":{"Tiempo de lectura":"1 minuto"},"schema":{"@context":"https:\/\/schema.org","@graph":[{"@type":"WebPage","@id":"https:\/\/casafema.mx\/?page_id=181","url":"https:\/\/casafema.mx\/?page_id=181","name":"Aires acondicionados HVAC - Casa Fema","isPartOf":{"@id":"https:\/\/casafema.mx\/#website"},"primaryImageOfPage":{"@id":"https:\/\/casafema.mx\/?page_id=181#primaryimage"},"image":{"@id":"https:\/\/casafema.mx\/?page_id=181#primaryimage"},"thumbnailUrl":"https:\/\/casafema.mx\/wp-content\/uploads\/2023\/09\/11-2.jpg","datePublished":"2023-09-04T23:03:17+00:00","dateModified":"2023-09-04T23:05:57+00:00","breadcrumb":{"@id":"https:\/\/casafema.mx\/?page_id=181#breadcrumb"},"inLanguage":"es","potentialAction":[{"@type":"ReadAction","target":["https:\/\/casafema.mx\/?page_id=181"]}]},{"@type":"ImageObject","inLanguage":"es","@id":"https:\/\/casafema.mx\/?page_id=181#primaryimage","url":"https:\/\/casafema.mx\/wp-content\/uploads\/2023\/09\/11-2.jpg","contentUrl":"https:\/\/casafema.mx\/wp-content\/uploads\/2023\/09\/11-2.jpg","width":394,"height":383},{"@type":"BreadcrumbList","@id":"https:\/\/casafema.mx\/?page_id=181#breadcrumb","itemListElement":[{"@type":"ListItem","position":1,"name":"Portada","item":"https:\/\/casafema.mx\/"},{"@type":"ListItem","position":2,"name":"Aires acondicionados HVAC"}]},{"@type":"WebSite","@id":"https:\/\/casafema.mx\/#website","url":"https:\/\/casafema.mx\/","name":"Casa Fema","description":"CASA FEMA tiene diferentes servicios y\/o productos para tus proyectos","publisher":{"@id":"https:\/\/casafema.mx\/#organization"},"potentialAction":[{"@type":"SearchAction","target":{"@type":"EntryPoint","urlTemplate":"https:\/\/casafema.mx\/?s={search_term_string}"},"query-input":{"@type":"PropertyValueSpecification","valueRequired":true,"valueName":"search_term_string"}}],"inLanguage":"es"},{"@type":"Organization","@id":"https:\/\/casafema.mx\/#organization","name":"Casa Fema","url":"https:\/\/casafema.mx\/","logo":{"@type":"ImageObject","inLanguage":"es","@id":"https:\/\/casafema.mx\/#\/schema\/logo\/image\/","url":"https:\/\/casafema.mx\/wp-content\/uploads\/2023\/09\/cropped-LOGO-scaled-2.jpg","contentUrl":"https:\/\/casafema.mx\/wp-content\/uploads\/2023\/09\/cropped-LOGO-scaled-2.jpg","width":2558,"height":744,"caption":"Casa Fema"},"image":{"@id":"https:\/\/casafema.mx\/#\/schema\/logo\/image\/"}}]}},"_links":{"self":[{"href":"https:\/\/casafema.mx\/index.php?rest_route=\/wp\/v2\/pages\/181","targetHints":{"allow":["GET"]}}],"collection":[{"href":"https:\/\/casafema.mx\/index.php?rest_route=\/wp\/v2\/pages"}],"about":[{"href":"https:\/\/casafema.mx\/index.php?rest_route=\/wp\/v2\/types\/page"}],"author":[{"embeddable":true,"href":"https:\/\/casafema.mx\/index.php?rest_route=\/wp\/v2\/users\/1"}],"replies":[{"embeddable":true,"href":"https:\/\/casafema.mx\/index.php?rest_route=%2Fwp%2Fv2%2Fcomments&post=181"}],"version-history":[{"count":2,"href":"https:\/\/casafema.mx\/index.php?rest_route=\/wp\/v2\/pages\/181\/revisions"}],"predecessor-version":[{"id":186,"href":"https:\/\/casafema.mx\/index.php?rest_route=\/wp\/v2\/pages\/181\/revisions\/186"}],"wp:attachment":[{"href":"https:\/\/casafema.mx\/index.php?rest_route=%2Fwp%2Fv2%2Fmedia&parent=181"}],"curies":[{"name":"wp","href":"https:\/\/api.w.org\/{rel}","templated":true}]}}